In base 8, what is 664 + -6?
656
In base 7, what is -5 - 1536?
-1544
In base 8, what is 4 + 2240?
2244
In base 9, what is 4 - 3211?
-3206
In base 14, what is -13 - -25?
12
In base 9, what is -6 - 315?
-322
In base 13, what is -5c - 17?
-76
In base 15, what is 29 + -4?
25
In base 9, what is 4 - 754?
-750
In base 16, what is f1a - -5?
f1f
In base 5, what is -10040 + 4?
-10031
In base 16, what is -5 - a?
-f
In base 6, what is 253 + -4?
245
In base 13, what is 1ac + -1?
1ab
In base 8, what is 4 - 16?
-12
In base 16, what is c5f - 1?
c5e
In base 14, what is 1dc - c?
1d0
In base 7, what is -21 + -13?
-34
In base 12, what is 0 - -967?
967
In base 4, what is -13 - 32?
-111
In base 10, what is 5 + -1760?
-1755
In base 9, what is 5 - -107?
113
In base 8, what is 101 - -2?
103
In base 15, what is -24 - a?
-2e
In base 10, what is 3 + 3299?
3302
In base 6, what is -3450 - 1?
-3451
In base 12, what is 218 + -1?
217
In base 3, what is 1 + -122112?
-122111
In base 16, what is 23c + -e?
22e
In base 13, what is -5c - 14?
-73
In base 6, what is -35 + 155?
120
In base 15, what is 11 - a2?
-91
In base 2, what is 1100 + -10101?
-1001
In base 6, what is 1 - 5210?
-5205
In base 5, what is -12432 + 32?
-12400
In base 9, what is 66 + 4?
71
In base 16, what is 4 + -44?
-40
In base 9, what is -45 + 2?
-43
In base 14, what is 0 - 69?
-69
In base 13, what is b3 + 0?
b3
In base 10, what is -16 + 114?
98
In base 6, what is 1 - -1223?
1224
In base 11, what is 7 - 1302?
-12a6
In base 7, what is 41 + 11?
52
In base 6, what is 3 + 55?
102
In base 6, what is 223 - -3?
230
In base 12, what is -16 + 522?
508
In base 2, what is 111111 + -101010?
10101
In base 13, what is -2 - 35?
-37
In base 4, what is 0 + 3320?
3320
In base 12, what is -5 - -1663?
165a
In base 6, what is -3 - -214?
211
In base 11, what is a2 - -6?
a8
In base 2, what is 10100 + 1010010?
1100110
In base 9, what is -10100 + -1?
-10101
In base 11, what is -2 - -42?
40
In base 5, what is -111 + -201?
-312
In base 12, what is -796 - 0?
-796
In base 14, what is -61 + -6?
-67
In base 5, what is 11 - 13141?
-13130
In base 5, what is 1403000 - -10?
1403010
In base 14, what is 3 + 51?
54
In base 8, what is 263 - 5?
256
In base 4, what is -1022120 - 11?
-1022131
In base 6, what is 2034 + -3?
2031
In base 9, what is 5 + -43?
-37
In base 11, what is a70 + 1?
a71
In base 8, what is -2 - -3?
1
In base 13, what is -12 + 3ca?
3b8
In base 8, what is 1 - -3?
4
In base 9, what is 5 + -705?
-700
In base 15, what is -47 - -3?
-44
In base 2, what is -1 - -1101011?
1101010
In base 3, what is 2001 - -2102?
11110
In base 5, what is -30 + -233?
-313
In base 12, what is 3 - -2110?
2113
In base 3, what is 0 - 1222011?
-1222011
In base 8, what is -2 - 57?
-61
In base 6, what is 11 + 1240?
1251
In base 13, what is ab8 + -11?
aa7
In base 5, what is 100 - 10321?
-10221
In base 3, what is -1010 - -10010?
2000
In base 7, what is -13425 - 1?
-13426
In base 3, what is 10 - -1100?
1110
In base 10, what is -25 + -3?
-28
In base 3, what is -22120112 - -1?
-22120111
In base 10, what is -90 - -133?
43
In base 16, what is -db9 - 1?
-dba
In base 6, what is -431 - 1?
-432
In base 3, what is -11 - 1110?
-1121
In base 12, what is 15b + 7?
166
In base 3, what is 122121112 + 10?
122121122
In base 13, what is -2 + 19?
17
In base 12, what is -1 + 6b?
6a
In base 8, what is -2 - 45?
-47
In base 2, what is 10 + -1111000?
-1110110
In base 13, what is -9 - 33?
-3c
In base 9, what is -5 - 138?
-144
In base 5, what is 3411 - -3?
3414
In base 13, what is 2185 + -2?
2183
In base 9, what is -6 + 31?
24
In base 9, what is 15 - 41?
-25
In base 11, what is -3 - -11a?
117
In base 14, what is -2b1 - -14?
-29b
In base 5, what is -402 + -100?
-1002
In base 15, what is 8 - -196?
19e
In base 5, what is 321 + 4?
330
In base 16, what is -6 + -56?
-5c
In base 16, what is 4 - -b0a?
b0e
In base 8, what is 135 + 157?
314
In base 16, what is -12 - -12?
0
In base 4, what is 0 - -12?
12
In base 16, what is 5 - -16?
1b
In base 9, what is -2 - 2678?
-2681
In base 9, what is -15 + -1?
-16
In base 13, what is -2 - -117?
115
In base 13, what is 29 + 1a?
46
In base 6, what is 11 + 531?
542
In base 8, what is 234 - -1?
235
In base 16, what is -1d4 + -5?
-1d9
In base 15, what is 2 + -3a?
-38
In base 2, what is 1110100 - -100?
1111000
In base 7, what is 3 + -2266?
-2263
In base 12, what is 42 + -3?
3b
In base 6, what is 3 - -33?
40
In base 16, what is -e + -4?
-12
In base 13, what is -2 - -33?
31
In base 11, what is -2452 - 2?
-2454
In base 2, what is 1 + -1000?
-111
In base 5, what is -312 + 1?
-311
In base 13, what is -4 + -8a?
-91
In base 13, what is 79 + 8?
84
In base 7, what is 23661 - 0?
23661
In base 10, what is 0 + 53?
53
In base 11, what is 35 + -33?
2
In base 2, what is -110111 - -110?
-110001
In base 16, what is 1 - -b2?
b3
In base 13, what is 45 + -121?
-a9
In base 14, what is -253 - 1?
-254
In base 15, what is -89 - 3?
-8c
In base 10, what is -2374 + -3?
-2377
In base 13, what is -3 - -cc?
c9
In base 4, what is -32101 - 0?
-32101
In base 8, what is 15531 + 1?
15532
In base 9, what is -3370 - 7?
-3377
In base 4, what is -33 + 110?
11
In base 2, what is -11 + 11100010?
11011111
In base 13, what is 101 - -2?
103
In base 14, what is 4d - -1?
50
In base 2, what is 11101 - 10110?
111
In base 3, what is -2 - 2012?
-2021
In base 3, what is -212122 + 11?
-212111
In base 4, what is -33 - 301?
-1000
In base 16, what is -4 + 1004?
1000
In base 10, what is 100 + 6?
106
In base 16, what is -3f - 5?
-44
In base 10, what is 128 - -3?
131
In base 4, what is -20100 + -1?
-20101
In base 6, what is 42 + -1?
41
In base 7, what is -211 + -1?
-212
In base 7, what is -132 + 5?
-124
In base 7, what is 26 - 435?
-406
In base 11, what is -1443 + -1?
-1444
In base 11, what is 1 - 44?
-43
In base 5, what is -10 + -1100?
-1110
In base 9, what is -27 - 4?
-32
In base 15, what is -80 + 4?
-7b
In base 2, what is -100 + -1111000?
-1111100
In base 5, what is 2 - 4404?
-4402
In base 11, what is 5 + -2a?
-25
In base 5, what is -4 - 2302?
-2311
In base 12, what is -3b2 - 0?
-3b2
In base 12, what is 1 + 61?
62
In base 4, what is 0 + 10100?
10100
In base 2, what is -11001010 - 0?
-11001010
In base 7, what is 55554 - 3?
55551
In base 4, what is -12 - 333?
-1011
In base 12, what is -3 + -36?
-39
In base 15, what is -41 - -8?
-38
In base 14, what is 13b + 15?
152
In base 16, what is -14 + 2?
-12
In base 3, what is -102 + -211?
-1020
In base 11, what is 210 + 2?
212
In base 13, what is 4 + -1312?
-130b
In base 10, what is 120 + -4?
116
In base 15, what is -5 + 143?
13d
In base 15, what is a - 135?
-12a
In base 13, what is 0 - -251b?
251b
In base 3, what is 1002 + -100020?
-22011
In base 2, what is 111100010000110 + 101?
111100010001011
In base 4, what is -3120 - -3?
-3111
In base 4, what is 11133 + -11?
11122
In base 4, what is -10033 + -22?
-10121
In base 5, what is -20 + -10?
-30
In base 6, what is -103 + -50?
-153
In base 15, what is -7 + -2c?
-34
In base 10, what is -5 + 41?
36
In base 15, what is 3 - 57?
-54
In base 15, what is 3 + 374?
377
In base 4, what is 1210 + 100?
1310
In base 5, what is 12 - 0?
12
In base 5, what is 13 + 24001?
24014
In base 16, what is 1c - 197?
-17b
In base 15, what is 0 - d?
-d
In base 9, what is -178 + 0?
-178
In base 11, what is -3374 + 4?
-3370
In base 7, what is -36 - 50?
-116
In base 13, what is 32 + -3?
2c
In base 4, what is -320112 - 0?
-320112
In base 7, what is 2240 - 1?
2236
In base 15, what is -15a6 - 3?
-15a9
In base 7, what is 53261 - 4?
53254
In base 14, what is -5 - 8?
-d
In base 12, what is 1973 - 5?
196a
In base 15, what is -4 + e7c?
e78
In base 2, what is -101 + -1000110001?
-1000110110
In base 10, what is 16 + -325?
-309
In base 12, what is -4b7 + b?
-4a8
In base 6, what is 20 + -131?
-111
In base 5, what is -11121 + -3?
-11124
In base 6, what is 1350 - -34?
1424
In base 11, what is -9196 - 1?
-9197
In base 5, what is -43 - 42?
-140
In base 9, what is 2 - 1271?
-1268
In base 10, what is 19 + -204?
-185
In base 5, what is 114 - 2044?
-1430
In base 10, what is 8 - -5?
13
In base 5, what is -2 + -420?
-422
In base 11, what is -2 - -89?
87
In base 7, what is 4 + 335?
342
In base 2, what is -1110101 - -11110?
-1010111
In base 14, what is -7 + 17?
10
In base 2, what is -101 + 110100